{"id":132,"date":"2025-02-16T12:02:45","date_gmt":"2025-02-16T12:02:45","guid":{"rendered":"http:\/\/www.aleksimoine.fi\/?page_id=132"},"modified":"2025-04-08T17:11:21","modified_gmt":"2025-04-08T17:11:21","slug":"ota-yhteytta","status":"publish","type":"page","link":"http:\/\/www.aleksimoine.fi\/?page_id=132","title":{"rendered":"Ota yhteytt\u00e4"},"content":{"rendered":"\n<div class=\"wp-block-group alignfull is-style-section-1 has-border-color has-accent-5-border-color is-content-justification-center is-nowrap is-layout-flex wp-container-core-group-is-layout-1 wp-block-group-is-layout-flex is-style-section-1--1\" style=\"border-width:31px;min-height:29vh;margin-top:0;margin-bottom:0;padding-top:var(--wp--preset--spacing--30);padding-right:0;padding-bottom:var(--wp--preset--spacing--30);padding-left:0\">\n<div class=\"wp-block-columns alignwide are-vertically-aligned-center is-layout-flex wp-container-core-columns-is-layout-1 wp-block-columns-is-layout-flex\" style=\"border-style:none;border-width:0px\">\n<div class=\"wp-block-column is-vertically-aligned-center is-layout-flow wp-block-column-is-layout-flow\"><\/div>\n<\/div>\n\n\n\n<div id=\"wp-block-themeisle-blocks-form-5f9c2538\" class=\"wp-block-themeisle-blocks-form\" data-option-name=\"bf9b28ff82ce323187abc5d0feb0d8f07ecd8436_5f9c2538\"><form class=\"otter-form__container\">\n<div id=\"wp-block-themeisle-blocks-form-input-8abb02b3\" class=\"wp-block-themeisle-blocks-form-input\"><label for=\"wp-block-themeisle-blocks-form-input-8abb02b3-input\" class=\"otter-form-input-label\"><span class=\"otter-form-input-label__label\">Nimi<\/span><span class=\"required\">*<\/span><\/label><input type=\"text\" id=\"wp-block-themeisle-blocks-form-input-8abb02b3-input\" required class=\"otter-form-input\"\/><\/div>\n\n\n\n<div id=\"wp-block-themeisle-blocks-form-input-c6d4fc6c\" class=\"wp-block-themeisle-blocks-form-input\"><label for=\"wp-block-themeisle-blocks-form-input-c6d4fc6c-input\" class=\"otter-form-input-label\"><span class=\"otter-form-input-label__label\">S\u00e4hk\u00f6posti<\/span><span class=\"required\">*<\/span><\/label><input type=\"email\" id=\"wp-block-themeisle-blocks-form-input-c6d4fc6c-input\" required class=\"otter-form-input\"\/><\/div>\n\n\n<div class=\"protection\" aria-hidden=\"true\"><input type=\"hidden\" id=\"wp-block-themeisle-blocks-form-5f9c2538_nonce_field\" name=\"wp-block-themeisle-blocks-form-5f9c2538_nonce_field\" value=\"3e81847936\" \/><input type=\"hidden\" name=\"_wp_http_referer\" value=\"\/index.php?rest_route=%2Fwp%2Fv2%2Fpages%2F132\" \/><input class=\"o-anti-bot\" type=\"checkbox\"><\/div>\n\n\n<div id=\"wp-block-themeisle-blocks-form-textarea-087885ff\" class=\"wp-block-themeisle-blocks-form-textarea\"><label for=\"wp-block-themeisle-blocks-form-textarea-087885ff-input\" class=\"otter-form-textarea-label\"><span class=\"otter-form-textarea-label__label\">Viesti<\/span><\/label><textarea id=\"wp-block-themeisle-blocks-form-textarea-087885ff-input\" rows=\"10\" class=\"otter-form-textarea-input\"><\/textarea><\/div>\n\n\n\n<p class=\"has-extra-small-font-size\">You agree to receive email communication from us by submitting this form and understand that your contact information will be stored with us.<\/p>\n<div class=\"wp-block-button\"><button class=\"wp-block-button__link\" type=\"submit\">L\u00e4het\u00e4<\/button><\/div><\/form><\/div>\n<\/div>\n\n\n\n<div class=\"wp-block-group alignfull is-style-section-1 has-border-color has-accent-5-border-color is-vertical is-layout-flex wp-container-core-group-is-layout-2 wp-block-group-is-layout-flex is-style-section-1--2\" style=\"border-width:31px;margin-top:0;margin-bottom:0;padding-top:var(--wp--preset--spacing--30);padding-right:0;padding-bottom:var(--wp--preset--spacing--30);padding-left:0\">\n<div class=\"wp-block-columns alignwide are-vertically-aligned-center is-layout-flex wp-container-core-columns-is-layout-2 wp-block-columns-is-layout-flex\" style=\"border-style:none;border-width:0px\">\n<div class=\"wp-block-column is-vertically-aligned-center is-layout-flow wp-block-column-is-layout-flow\"><\/div>\n\n\n\n<div class=\"wp-block-column is-layout-flow wp-block-column-is-layout-flow\"><\/div>\n\n\n\n<div class=\"wp-block-column is-vertically-aligned-center is-layout-flow wp-block-column-is-layout-flow\"><\/div>\n<\/div>\n\n\n\n<p>Voit laittaa my\u00f6s suoraan s\u00e4hk\u00f6postia: kuntavaalit@aleksimoine.fi.<\/p>\n\n\n\n<p>L\u00f6yd\u00e4t minut my\u00f6s somesta. Kaikki kanavani l\u00f6ytyv\u00e4t <a href=\"https:\/\/linktr.ee\/aleksimoine\" data-type=\"link\" data-id=\"https:\/\/linktr.ee\/aleksimoine\">t\u00e4\u00e4lt\u00e4<\/a>. <\/p>\n<\/div>\n\n\n\n<p><\/p>\n","protected":false},"excerpt":{"rendered":"<p>Voit laittaa my\u00f6s suoraan s\u00e4hk\u00f6postia: kuntavaalit@aleksimoine.fi. L\u00f6yd\u00e4t minut my\u00f6s somesta. Kaikki kanavani l\u00f6ytyv\u00e4t t\u00e4\u00e4lt\u00e4.<\/p>\n","protected":false},"author":1,"featured_media":0,"parent":0,"menu_order":0,"comment_status":"closed","ping_status":"closed","template":"","meta":{"_themeisle_gutenberg_block_has_review":false,"footnotes":""},"class_list":["post-132","page","type-page","status-publish","hentry"],"_links":{"self":[{"href":"http:\/\/www.aleksimoine.fi\/index.php?rest_route=\/wp\/v2\/pages\/132","targetHints":{"allow":["GET"]}}],"collection":[{"href":"http:\/\/www.aleksimoine.fi\/index.php?rest_route=\/wp\/v2\/pages"}],"about":[{"href":"http:\/\/www.aleksimoine.fi\/index.php?rest_route=\/wp\/v2\/types\/page"}],"author":[{"embeddable":true,"href":"http:\/\/www.aleksimoine.fi\/index.php?rest_route=\/wp\/v2\/users\/1"}],"replies":[{"embeddable":true,"href":"http:\/\/www.aleksimoine.fi\/index.php?rest_route=%2Fwp%2Fv2%2Fcomments&post=132"}],"version-history":[{"count":7,"href":"http:\/\/www.aleksimoine.fi\/index.php?rest_route=\/wp\/v2\/pages\/132\/revisions"}],"predecessor-version":[{"id":232,"href":"http:\/\/www.aleksimoine.fi\/index.php?rest_route=\/wp\/v2\/pages\/132\/revisions\/232"}],"wp:attachment":[{"href":"http:\/\/www.aleksimoine.fi\/index.php?rest_route=%2Fwp%2Fv2%2Fmedia&parent=132"}],"curies":[{"name":"wp","href":"https:\/\/api.w.org\/{rel}","templated":true}]}}